+ i - i. Give p(1).
-2
Let m(a) = 5*a**3 - 5*a**2 - a - 7. Let k(p) = p - 4*p**3 + p**3 + 2*p**3. Let j(x) = -6*k(x) - m(x). What is j(-6)?
1
Let o(g) = -4*g - 19. Let w be -3 - 13/(-4) - (-50)/(-8). Calculate o(w).
5
Let p be (-35)/(-5) - (5 - 2). Suppose -b - p = 0, f = 4*f - 2*b - 17. Let z(j) = -4*j - j**3 + 0*j**3 + 0*j**3 - 2 - f*j**2. Determine z(-2).
2
Let o(y) = -12*y**3 + 7*y**2 + 5*y - 17. Let q(j) = -19*j**3 + 10*j**2 + 8*j - 26. Let r(g) = -8*o(g) + 5*q(g). Determine r(6).
6
Let v be (-18 - 7/(-1)) + 9. Let j(y) = y**3 + 4*y**2 + 7*y + 4. Calculate j(v).
-2
Let b(k) = k**2 - 13*k. Let a be b(14). Let l be 32/a + 16/(-56). Suppose -4 - 8 = l*h. Let r(m) = m**2 + 8*m + 4. What is r(h)?
-8
Let h = 10 + -4. Suppose 5*r = -2*z - 0 + 12, -4*r + 2*z + h = 0. Let k(y) = r*y - 2*y + 2*y - 3*y. Determine k(5).
-5
Let w(o) = o + 1. Let h(s) = 2*s + 19. Let v be h(0). Let l = v - 22. Determine w(l).
-2
Let g(p) = -p**3 + 3*p**2 + 5*p - 5. Suppose 8*h - 18 = -2*d + 3*h, -4*d = -5*h - 6. What is g(d)?
-1
Let a(o) be the second derivative of -o**6/360 - o**5/24 + o**4/12 - 9*o**3 - 21*o. Let d(z) be the second derivative of a(z). Determine d(-4).
6
Let b(o) = -9 + o - 3615*o**2 + 7 + 3613*o**2. Calculate b(0).
-2
Let b(z) = z - 10. Suppose -3 = w - 5. Let s be 0/3 + (w - 0). Suppose 4*o - 3*q - 8 = 16, -q + 12 = s*o. Calculate b(o).
-4
Suppose 4*s - 25 = -9. Let f(p) = -1 - 7*p**3 + 12*p**3 - s*p**3. Let m = 6 + -8. Give f(m).
-9
Let o(c) = c**3 + 16*c**2 - 57*c + 3. Let k be o(-19). Let u(f) be the first derivative of -4 + 7*f - 5/3*f**3 - 1/4*f**4 + k*f**2. Calculate u(-6).
7
Let i(n) = 21*n - 3. Let x(k) = 46*k - 7. Let a(q) = 13*i(q) - 6*x(q). Calculate a(1).
0
Suppose 0 = 3*n - n. Let v(d) = 3*d**3 - d**2 - d + 1. Let i be v(1). Let q(b) = -b**3 + 2 - i - b + b**2. Determine q(n).
0
Let m(g) be the first derivative of -g**3/3 - 2*g**2 + 10*g - 258. Calculate m(4).
-22
Let t(h) be the third derivative of -h**6/120 - h**5/15 - h**4/24 + 28*h**2. Suppose -10 = 2*a - 4*a. Let z = a + -8. Calculate t(z).
-6
Suppose 0 = 3*b - 20 + 5. Let l(v) = 3 - 5 + 0 - b - 4*v. Calculate l(6).
-31
Let x(l) be the first derivative of -l**4/4 - 7*l**3/3 - 5*l**2/2 + l - 6. Let b(f) = 0*f + 4 - f - 16. Let n be b(-6). What is x(n)?
-5
Let d(l) = -21*l**2 - 7*l - 23*l**2 + 45*l**2 + 5*l - 7 + l. Give d(4).
5
Let y(x) = 14*x - 246. Let s be y(17). Let j(l) = l + 1. What is j(s)?
-7
Let m = 6 + -3. Suppose -m*z - 2*z = 15. Let x(d) = 4*d**3 - 5*d**3 - 23*d**2 + 19*d**2 + 3 - 2*d + 3*d. Give x(z).
-9
Let y(k) = -4*k**2 + 3*k + 3. Let r(o) = 1 - o**2 - 15*o + 3*o**2 + 14*o - 3*o**2. Let u(l) = -3*r(l) + y(l). Give u(5).
5
Let n(b) = -b**2 + 4*b + 14. Suppose -5*f + 4*f - 5*s = -31, 2*f = 4*s + 6. Give n(f).
-63
Let a(x) = 9*x - 6. Let m(b) = -21*b + 11. Let w(l) = 9*a(l) + 4*m(l). Calculate w(-5).
5
Let t(n) be the first derivative of n**3/3 - 7*n**2/2 + 6*n + 2. Let b = 42 + -42. Suppose b = -4*s + 5*i + 9, 3*i + 0*i + 15 = 4*s. Determine t(s).
0
Suppose c = -c - 6. Let y be -2 + (-2 - c - 2). Let f(b) = 2 + 3*b + 0*b**2 + 6*b**2 + 0 - 5*b**2. Give f(y).
2
Let r(z) = 9*z + 4. Let c(x) = 30*x - 34 + 54 + 14*x. Let v(k) = -5*c(k) + 24*r(k). Give v(-5).
16
Let h(b) = 5*b**3 - 9*b**2 - 9*b - 11. Let d(v) = 2*v**3 - 2. Let i(n) = 3*d(n) - h(n). Give i(-8).
-3
Let y(r) be the second derivative of -r**5/5 - r**4/12 + r**3/6 + 201*r. Give y(1).
-4
Let i(j) = j**2 - 6*j + 10. Let t be 6/45 - (-4 + (-56)/30). What is i(t)?
10
Let w(o) = o**2 + 24*o + 56. Let k be w(-22). Suppose a + 17 = k. Let p(x) = x**2 + 7 + 6*x - 2 - 1. Give p(a).
-1
Suppose -i - 3*j - 21 + 2 = 0, 5 = 5*i - 5*j. Let c be 21/i - (-3)/12. Let h(v) = 1 + 5*v + 3 - 4*v. Calculate h(c).
-1
Let k(c) = -c**2 - 7*c + 26. Let j be k(-9). Let l(t) = t**2 - 7*t - 1. Give l(j).
7
Suppose -2*z + 3*r = 17, 2*r + 7 = -2*z - 5. Let p = z - -2. Let f be 4/p*10/4. Let k(x) = 3*x**2 + x + 2. What is k(f)?
12
Let i(n) = 0 + 3 - 1101*n + 1102*n - 3. Determine i(2).
2
Let v be (-2)/(-2) - (0 - 0). Let c(t) be the first derivative of -t**2/2 + 2*t - 219. What is c(v)?
1
Let p(n) = 29*n + 32*n - 124*n - n**3 - 10*n**2 + 26*n + 28*n + 10. Determine p(-9).
10
Let r(w) = -5*w + w + 3*w - 242 + 237. What is r(-5)?
0
Let t(x) be the third derivative of 1/120*x**6 + 1/15*x**5 + 1/2*x**3 + 0 - 1/6*x**4 + 0*x + 5*x**2. Suppose 5 = -3*o + 2*o. What is t(o)?
-2
Let b(l) = 6*l**3 + 6*l**2 + 4*l + 11. Let o(v) = v**3 + 4*v**2 + v + 1. Let r(z) = b(z) - 5*o(z). Give r(14).
-8
Let r(f) be the second derivative of -f**5/20 + f**4/3 - f**3/2 + 3*f**2/2 - 155*f. Give r(2).
5
Let p(w) = 2 + 6 + 7*w + 8*w**2 - 9*w**2 + 2. Let o be p(7). Let k be (25/o)/(5/12). Let f(r) = r**2 - 4*r - 4. Calculate f(k).
8
Suppose 4*t - 3*v = -t + 10, -2*v + 15 = t. Let i(k) be the second derivative of -k**5/20 + k**4/2 - k**3 - 5*k**2/2 + 5*k. What is i(t)?
-10
Let d(h) = -h**3 + 17*h**2 - 16*h + 3. Let a be d(16). Let x(q) = -12*q + a + q + q + q**2 + 8*q. Calculate x(4).
11
Let f(z) = z**2 + 5*z + 8. Let a be (-2)/4*(-13)/((-156)/144). What is f(a)?
14
Let a(c) = c + 3. Suppose -5*m + 26 = -4*n, 4*n + 0*n = -5*m - 6. Suppose 3*o - m*b = -6*b - 16, -2*o = -2*b + 6. Determine a(o).
-1
Let g(p) = -2*p**2 + p + 161*p**3 + 5*p**2 - 162*p**3 + 2*p**2. Let c = 2 - -2. What is g(c)?
20
Suppose 3*b - 3 = -3*i + 3, -b = -4*i + 13. Let g(f) be the third derivative of f**6/120 - f**5/12 + 5*f**4/24 - 2*f**3/3 + 58*f**2. Calculate g(i).
-7
Let i(v) = v + 9. Let u(p) = 4*p**3 + 3*p**2 - 3*p**3 + 4*p - p - p**2. Let a be u(-2). What is i(a)?
3
Let y(q) be the first derivative of q**4/4 - 2*q**3 + 7*q**2/2 - 1. Let w(n) = 7*n + 40. Let m be w(-5). Determine y(m).
10
Suppose 17*z + 32 = 19*z. Let c = 16 - z. Suppose 9 + 4 = 4*j - l, c = 5*j - 5*l - 35. Let d(q) = -q**3 + 3*q**2 - 2*q - 1. Determine d(j).
-1
Let m(p) = -2*p + p**2 + 4*p**2 - 2*p**3 - 21*p**2 + 17 + 3*p**3 + p. Determine m(16).
1
Let u(s) = 4*s - 1. Let v be (12/20)/(3/15). Suppose 2*w - v = 1. Calculate u(w).
7
Let b(v) = 4*v + 14*v + 11*v - 5 - 28*v. Calculate b(7).
2
Suppose 5*q - 4*j = 8, 0 = -3*q + 2*j - 4*j + 18. Let i(t) be the second derivative of -t**4/12 + 2*t**3/3 + t**2 + t + 141. Calculate i(q).
2
Let c(i) = i**2 - 8*i - 14. Let a be c(10). Suppose a = -3*u + 4*u. Let s(l) = -3*l + 6*l - 2 - l**2 - 2 + u*l. Determine s(6).
14
Let j = 548 + -549. Let k(l) = -6*l**3 - l**2 - 2*l - 1. Calculate k(j).
6
Let r(t) = -t + 25. Let w be r(19). Let v(y) = 95*y**2 + 0 - w*y + 5 - 97*y**2 + 0. What is v(-5)?
-15
Let l(b) = 13*b**3 - b**2. Suppose 0 = -d - 5 + 14. Let q be (-2 + -4 - -3)*(-3)/d. Give l(q).
12
Let u(v) = v**2 - 4*v - 1. Let m(t) = -t + 12. Let r be m(12). Suppose 6*i - 10*i + 76 = r. Let j = 23 - i. Determine u(j).
-1
Let d(l) = -2*l**2 + 14*l + 2. Suppose 0 = 12*s - 46*s + 204. What is d(s)?
14
Let r(u) = -u**2 + 8*u + 6. Suppose 0 = -24*w + 80 + 136. Determine r(w).
-3
Let i(l) be the second derivative of -l**7/2520 - l**6/80 - 7*l**5/120 + 10*l**4/3 - 21*l. Let q(y) be the third derivative of i(y). Determine q(-6).
11
Let g(q) be the second derivative of 7*q + 1/2*q**4 - 1/20*q**5 + 5*q**2 + q**3 + 0. Calculate g(7).
3
Let z(v) = 5. Let q(g) = g + 6. Let l(o) = -4*q(o) + 5*z(o). Suppose 0 = 4*d - 4 - 4. Let s = 3 - d. Determine l(s).
-3
Suppose 2*l + 29 = 5*x, 47 = -x + 6*x + 4*l. Let k(d) = -d**3 + 7*d**2 + 2*d - 2. Give k(x).
12
Suppose -3*t + p = 0, -t - p = -0*t - 4. Let a be (1 - -2)/(t + -2). Let o(m) = m**3 + 2*m**2 - 3*m - 2. Calculate o(a).
-2
Let s = -46 + 32. Let k(a) = -a**2 - 13*a + 16. Let r be k(s). Let b(d) = -3*d - 3. Let u(n) = -n - 1. Let j(l) = r*u(l) - 2*b(l). Determine j(-4).
-12
Let c(p) = 13 + 1 - 155*p + 160*p. Give c(-4).
-6
Let y(j) = 48*j - 17. Let n(r) = 17*r - 6. Let o(h) = 17*n(h) - 6*y(h). Calculate o(-4).
-4
Suppose 2*r - a = 2*a + 11, 18 = 5*r + 2*a. Suppose 0*k - 17 = -3*k - r*o, -4*o + 20 = 0. Let d(m) = -6*m**3 - m**2 + m + 1. Determine d(k).
5
Let q(p) = -2*p**2 + 5*p - 8. Suppose -4*a - 2 = 2*u, -a = -0*u + 3*u + 13. Let v(l) = l**2 - 5*l + 8. Let i(o) = a*q(o) + 3*v(o). Determine i(-7).
-6
Let y(l) = -1 + 2 + 0 + 3*l + 8*l. Let z(s) = -s**2 - 2*s + 1. Let b be z(-3). Give y(b).
-21
Let q(g) = -g**3 - 3*g**2 + 2*g - 9. Suppose 12*y = 7*y - 2*h - 30, 11